{"id":41,"date":"2025-02-10T09:58:05","date_gmt":"2025-02-10T09:58:05","guid":{"rendered":"https:\/\/drozdteam.pl\/?page_id=41"},"modified":"2026-01-28T21:28:02","modified_gmt":"2026-01-28T21:28:02","slug":"klauzula-informacyjna-dla-klientow","status":"publish","type":"page","link":"https:\/\/drozdteam.pl\/index.php\/rodo\/klauzula-informacyjna-dla-klientow\/","title":{"rendered":"Klauzula informacyjna dla klient\u00f3w"},"content":{"rendered":"Zgodnie z art. 13 ust. 1 i ust. 2 rozporz\u0105dzenia Parlamentu Europejskiego i Rady (UE) 2016\/679 z dnia 27 kwietnia 2016 r. w sprawie ochrony os\u00f3b fizycznych w zwi\u0105zku z przetwarzaniem danych osobowych i w sprawie swobodnego przep\u0142ywu takich danych oraz uchylenia dyrektywy 95\/46\/WE (og\u00f3lne rozporz\u0105dzenie o ochronie danych) \u201eRODO\u201d informujemy, i\u017c:\n\n<!-- \/wp:post-content -->\n\n<!-- wp:list {\"ordered\":true} -->\n<ol class=\"wp-block-list\">\n \t<li style=\"list-style-type: none;\">\n<ol class=\"wp-block-list\"><!-- wp:list-item --><\/ol>\n<\/li>\n<\/ol>\n<ol start=\"1\">\n \t<li><span style=\"font-family: georgia, palatino;\">Administratorem Twoich danych osobowych jest Klub Sportowy DROZDTeam Fundacji DROZD z siedzib\u0105 w \u0141odzi, Gojawiczy\u0144skiej 1, 93-249 \u0141\u00f3d\u017a, NIP: 9820390772<\/span><\/li>\n<\/ol>\n<ul>\n \t<li style=\"list-style-type: none;\">\n<ul>\n \t<li>Z Administratorem mo\u017cesz si\u0119 kontaktowa\u0107 w nast\u0119puj\u0105cy spos\u00f3b:\n<ul>\n \t<li>listownie na adres: <span style=\"font-family: georgia, palatino;\">Klub Sportowy DROZDTeam Fundacji DROZD z siedzib\u0105 w \u0141odzi, Gojawiczy\u0144skiej 1, 93-249 \u0141\u00f3d\u017a<\/span>,<\/li>\n \t<li>przez e-mail:<a href=\"mailto:admin@drozdteam.pl\">admin@drozdteam.pl<\/a><\/li>\n \t<li>telefonicznie\/ fax: + 48 536 785 763<\/li>\n<\/ul>\n<\/li>\n<\/ul>\n<\/li>\n<\/ul>\nAdministrator nie wyznaczy\u0142 inspektora ochrony danych. Administrator jest osob\u0105, z kt\u00f3r\u0105 mo\u017cesz si\u0119 kontaktowa\u0107 we wszystkich sprawach dotycz\u0105cych przetwarzania danych osobowych oraz korzystania z praw zwi\u0105zanych z przetwarzaniem danych. Z Administratorem mo\u017cesz si\u0119 kontaktowa\u0107 w nast\u0119puj\u0105cy spos\u00f3b:\n<ul>\n \t<li style=\"list-style-type: none;\">\n<ul>\n \t<li style=\"list-style-type: none;\">\n<ul>\n \t<li>listownie na adres: <span style=\"font-family: georgia, palatino;\">Klub Sportowy DROZDTeam Fundacji DROZD z siedzib\u0105 w \u0141odzi, Gojawiczy\u0144skiej 1, 93-249 \u0141\u00f3d\u017a<\/span>,<\/li>\n \t<li>przez e-mail:<a href=\"mailto:admin@drozdteam.pl\">admin@drozdteam.pl<\/a><\/li>\n \t<li>telefonicznie\/ fax: + 48 536 785 763<\/li>\n<\/ul>\n<\/li>\n<\/ul>\n<\/li>\n<\/ul>\n<!-- \/wp:list-item -->\n\n<!-- \/wp:list -->\n\n<!-- wp:list {\"ordered\":true,\"start\":2} -->\n<ol start=\"2\">\n \t<li>Przetwarzamy Twoje dane osobowe w celu:\n<ul>\n \t<li>zawarcia umowy i \u015bwiadczenia na Twoj\u0105 rzecz us\u0142ug zgodnie z Regulaminem, w tym wypadku podstaw\u0105 prawn\u0105 przetwarzania danych osobowych jest zawarta z Tob\u0105 umowa na \u015bwiadczenie us\u0142ug drog\u0105 elektroniczn\u0105 (art. 6 ust. 1 lit. b RODO),<\/li>\n \t<li>umo\u017cliwienia Ci udzia\u0142u w procesach rekrutacyjnych na us\u0142ugi realizowane przez Administratora, w tym wypadku podstaw\u0105 prawn\u0105 przetwarzania danych osobowych jest Twoja zgoda (art. 6 ust. 1 lit. a RODO),<\/li>\n \t<li>dochodzenia lub obrony ewentualnych roszcze\u0144, w tym wypadku podstaw\u0105 prawn\u0105 przetwarzania danych osobowych jest prawnie uzasadniony interes realizowany przez Administratora polegaj\u0105cy na dochodzeniu lub obronie swych roszcze\u0144 (art. 6 ust. 1 lit. f RODO),<\/li>\n \t<li>wykonania ci\u0105\u017c\u0105cych na Administratorze obowi\u0105zk\u00f3w prawnych takich m.in. jak udzielanie odpowiedzi na reklamacje w terminie i formie przewidzianej przepisami prawa, w tym wypadku podstaw\u0105 prawn\u0105 przetwarzania danych osobowych jest obowi\u0105zek prawny ci\u0105\u017c\u0105cy na Administratorze (art. 6 ust. 1 lit. c RODO),<\/li>\n \t<li>tworzenia zestawie\u0144, analiz, statystyk na wewn\u0119trzne potrzeby Administratora, w tym wypadku podstaw\u0105 prawn\u0105 przetwarzania danych osobowych jest prawnie uzasadniony interes realizowany przez Administratora polegaj\u0105cy na planowaniu rozwoju us\u0142ug i prowadzonej dzia\u0142alno\u015bci gospodarczej (art. 6 ust. 1 lit. f RODO).<\/li>\n<\/ul>\n<\/li>\n \t<li>Podanie przez Ciebie danych osobowych jest dobrowolne, aczkolwiek niezb\u0119dne do wzi\u0119cia udzia\u0142u w procesach realizowanych przez Administratora oraz zawarcia umowy i \u015bwiadczenia na Twoj\u0105 rzecz us\u0142ug zgodnie z Regulaminem, a konsekwencj\u0105 niepodania danych osobowych b\u0119dzie brak mo\u017cliwo\u015bci wsp\u00f3\u0142pracy KS DROZDTeam . Brak wyra\u017cenia zgody na umo\u017cliwienie Ci udzia\u0142u w procesach rekrutacji na szkolenia realizowane przez Administratora uniemo\u017cliwi Tw\u00f3j udzia\u0142 w tych procesach.<\/li>\n \t<li>W zakresie, w jakim Twoje dane osobowe przetwarzane s\u0105 na podstawie zgody, przys\u0142uguje Ci prawo cofni\u0119cia zgody w ka\u017cdym czasie poprzez wys\u0142anie o\u015bwiadczenia o wycofaniu zgody na adres poczty elektronicznej Administratora, z tym, \u017ce wycofanie zgody nie b\u0119dzie mia\u0142o wp\u0142ywu na zgodno\u015b\u0107 z prawem przetwarzania Twoich danych osobowych, kt\u00f3rego dokonano na podstawie zgody przed jej wycofaniem.<\/li>\n \t<li>Twoje dane osobowe przetwarzane b\u0119d\u0105 w zakresie:\n<ul>\n \t<li>zawartej umowy na \u015bwiadczenie us\u0142ug drog\u0105 elektroniczn\u0105 &#8211; przez czas trwania umowy, a po tym czasie przez okres przedawnienia ewentualnych roszcze\u0144 zwi\u0105zanych z umow\u0105,<\/li>\n \t<li>wyra\u017conych zg\u00f3d &#8211; do czasu cofni\u0119cia zgody, a po takim cofni\u0119ciu przez okres przedawnienia ewentualnych roszcze\u0144 przys\u0142uguj\u0105cych Administratorowi i w stosunku do Administratora,<\/li>\n \t<li>dochodzenia lub obrony roszcze\u0144 &#8211; przez czas dochodzenia roszcze\u0144 lub obrony praw,<\/li>\n \t<li>wykonania ci\u0105\u017c\u0105cych na Administratorze obowi\u0105zk\u00f3w prawnych &#8211; przez czas wykonania obowi\u0105zk\u00f3w,<\/li>\n \t<li>tworzenia zestawie\u0144, analiz, statystyk &#8211; przez czas trwania umowy, a po tym czasie przez okres przedawnienia ewentualnych roszcze\u0144 zwi\u0105zanych z umow\u0105.<\/li>\n<\/ul>\n<\/li>\n \t<li>Odbiorcami Twoich danych osobowych b\u0119d\u0105 nale\u017cycie upowa\u017cnieni pracownicy lub wsp\u00f3\u0142pracownicy Administratora, podmioty upowa\u017cnione przez Ciebie (je\u015bli dotyczy), podmioty przetwarzaj\u0105ce dane w imieniu Administratora, uczestnicz\u0105ce w wykonaniu \u015bwiadczonych us\u0142ug, a tak\u017ce podmioty \u015bwiadcz\u0105ce us\u0142ugi wsparcia technicznego na rzecz Administratora, takie jak obs\u0142uga informatyczna procedowania us\u0142ug, us\u0142ugi ksi\u0119gowe lub prawne oraz podmioty uprawnione przepisami prawa.<\/li>\n \t<li>Administrator nie przetwarza szczeg\u00f3lnych kategorii danych osobowych, ani danych osobowych dotycz\u0105cych wyrok\u00f3w skazuj\u0105cych oraz narusze\u0144 prawa lub powi\u0105zanych \u015brodk\u00f3w bezpiecze\u0144stwa.<\/li>\n \t<li>Twoje dane osobowe nie s\u0105 przekazywane do pa\u0144stw spoza Europejskiego Obszaru Gospodarczego oraz do organizacji mi\u0119dzynarodowych.<\/li>\n \t<li>Twoje dane osobowe nie podlegaj\u0105 zautomatyzowanemu podejmowaniu decyzji, w tym profilowaniu.<\/li>\n \t<li>Przys\u0142uguje Ci prawo dost\u0119pu do danych osobowych, ich sprostowania, usuni\u0119cia lub ograniczenia przetwarzania, a tak\u017ce prawo do przenoszenia danych osobowych w zakresie danych podlegaj\u0105cych zautomatyzowanemu przetwarzaniu, oraz &#8211; w przypadku Twojej szczeg\u00f3lnej sytuacji &#8211; tak\u017ce prawo do wniesienia sprzeciwu wobec przetwarzania Twoich danych osobowych, jednak\u017ce tylko w\u00f3wczas gdy podstaw\u0105 przetwarzania danych jest prawnie uzasadniony interes realizowany przez Administratora lub przez stron\u0119 trzeci\u0105. Administrator przestanie przetwarza\u0107 Twoje dane w tych celach, chyba \u017ce b\u0119dzie w stanie wykaza\u0107, \u017ce istniej\u0105 wa\u017cne, prawnie uzasadnione podstawy, kt\u00f3re s\u0105 nadrz\u0119dne wobec Twoich interes\u00f3w, praw i wolno\u015bci lub \u017ce Twoje dane b\u0119d\u0105 niezb\u0119dne do ewentualnego ustalenia, dochodzenia lub obrony roszcze\u0144. Aby skorzysta\u0107 z powy\u017cszych praw, skontaktuj si\u0119 z Administratorem (dane kontaktowe powy\u017cej).<\/li>\n \t<li>Przys\u0142uguje Ci prawo wniesienia skargi do organu nadzorczego zajmuj\u0105cego si\u0119 ochron\u0105 danych osobowych, tj. Prezesa Urz\u0119du Ochrony Danych Osobowych.<\/li>\n<\/ol>\n<!-- \/wp:list -->","protected":false},"excerpt":{"rendered":"<p>Zgodnie z art. 13 ust. 1 i ust. 2 rozporz\u0105dzenia Parlamentu Europejskiego i Rady (UE) 2016\/679 z dnia 27 kwietnia 2016 r. w sprawie ochrony os\u00f3b fizycznych w zwi\u0105zku z przetwarzaniem danych osobowych i w sprawie swobodnego przep\u0142ywu takich danych oraz uchylenia dyrektywy 95\/46\/WE (og\u00f3lne rozporz\u0105dzenie o ochronie danych) \u201eRODO\u201d informujemy, i\u017c: Administratorem Twoich danych [&hellip;]<\/p>\n","protected":false},"author":1,"featured_media":0,"parent":27,"menu_order":0,"comment_status":"closed","ping_status":"closed","template":"","meta":{"om_disable_all_campaigns":false,"_monsterinsights_skip_tracking":false,"_monsterinsights_sitenote_active":false,"_monsterinsights_sitenote_note":"","_monsterinsights_sitenote_category":0,"footnotes":""},"class_list":["post-41","page","type-page","status-publish","hentry"],"aioseo_notices":[],"jetpack_sharing_enabled":true,"_links":{"self":[{"href":"https:\/\/drozdteam.pl\/index.php\/wp-json\/wp\/v2\/pages\/41","targetHints":{"allow":["GET"]}}],"collection":[{"href":"https:\/\/drozdteam.pl\/index.php\/wp-json\/wp\/v2\/pages"}],"about":[{"href":"https:\/\/drozdteam.pl\/index.php\/wp-json\/wp\/v2\/types\/page"}],"author":[{"embeddable":true,"href":"https:\/\/drozdteam.pl\/index.php\/wp-json\/wp\/v2\/users\/1"}],"replies":[{"embeddable":true,"href":"https:\/\/drozdteam.pl\/index.php\/wp-json\/wp\/v2\/comments?post=41"}],"version-history":[{"count":6,"href":"https:\/\/drozdteam.pl\/index.php\/wp-json\/wp\/v2\/pages\/41\/revisions"}],"predecessor-version":[{"id":477,"href":"https:\/\/drozdteam.pl\/index.php\/wp-json\/wp\/v2\/pages\/41\/revisions\/477"}],"up":[{"embeddable":true,"href":"https:\/\/drozdteam.pl\/index.php\/wp-json\/wp\/v2\/pages\/27"}],"wp:attachment":[{"href":"https:\/\/drozdteam.pl\/index.php\/wp-json\/wp\/v2\/media?parent=41"}],"curies":[{"name":"wp","href":"https:\/\/api.w.org\/{rel}","templated":true}]}}