{"id":39,"date":"2025-02-10T09:57:43","date_gmt":"2025-02-10T09:57:43","guid":{"rendered":"https:\/\/drozdteam.pl\/?page_id=39"},"modified":"2026-02-11T19:02:30","modified_gmt":"2026-02-11T19:02:30","slug":"klauzula-dot-platnosci-internetowych","status":"publish","type":"page","link":"https:\/\/drozdteam.pl\/index.php\/rodo\/klauzula-dot-platnosci-internetowych\/","title":{"rendered":"Klauzula dot. p\u0142atno\u015bci internetowych"},"content":{"rendered":"<p style=\"text-align: center;\"><strong>Regulamin zakupu us\u0142ug i obs\u0142ugi p\u0142atno\u015bci przez internet.<\/strong><\/p>\n<p>Zgodnie z art. 13 ust. 1 i ust. 2 rozporz\u0105dzenia Parlamentu Europejskiego i Rady (UE) 2016\/679 z dnia 27 kwietnia 2016 r. w sprawie ochrony os\u00f3b fizycznych w zwi\u0105zku z przetwarzaniem danych osobowych i w sprawie swobodnego przep\u0142ywu takich danych oraz uchylenia dyrektywy 95\/46\/WE (og\u00f3lne rozporz\u0105dzenie o ochronie danych) \u201eRODO&#8221; informujemy, i\u017c:<\/p>\n<ol>\n<li>Us\u0142ugodawc\u0105 i Administratorem Twoich danych osobowych jest Klub Sportowy DROZDTeam Fundacji DROZD z siedzib\u0105 w \u0141odzi, Gojawiczy\u0144skiej 1\/32, 93-249 \u0141\u00f3d\u017a, NIP: 9820390772, REGON: 527875377, KRS: 0001090057.\n<ul>\n<li>Z Administratorem mo\u017cesz si\u0119 kontaktowa\u0107 w nast\u0119puj\u0105cy spos\u00f3b:\n<ul>\n<li>listownie na adres: Klub Sportowy DROZDTeam Fundacji DROZD z siedzib\u0105 w \u0141odzi, Gojawiczy\u0144skiej 1\/32, 93-249 \u0141\u00f3d\u017a,<\/li>\n<li>przez e-mail:<a href=\"mailto:admin@drozdteam.pl\">admin@drozdteam.pl<\/a><\/li>\n<li>telefonicznie\/ fax: + 48 536 785 763<\/li>\n<\/ul>\n<\/li>\n<\/ul>\n<\/li>\n<\/ol>\n<p>Administrator nie wyznaczy\u0142 inspektora ochrony danych. Administrator jest osob\u0105, z kt\u00f3r\u0105 mo\u017cesz si\u0119 kontaktowa\u0107 we wszystkich sprawach dotycz\u0105cych przetwarzania danych osobowych oraz korzystania z praw zwi\u0105zanych z przetwarzaniem danych. Z Administratorem mo\u017cesz si\u0119 kontaktowa\u0107 w nast\u0119puj\u0105cy spos\u00f3b:<\/p>\n<ul>\n<li>listownie na adres: Klub Sportowy DROZDTeam Fundacji DROZD z siedzib\u0105 w \u0141odzi, Gojawiczy\u0144skiej 1\/32, 93-249 \u0141\u00f3d\u017a,\n<ul>\n<li>przez e-mail:<a href=\"mailto:admin@drozdteam.pl\">admin@drozdteam.pl<\/a><\/li>\n<li>telefonicznie\/ fax: + 48 536 785 763<\/li>\n<\/ul>\n<\/li>\n<\/ul>\n<p style=\"text-align: center;\"><strong>Zakup us\u0142ug za po\u015brednictwem serwisu<\/strong><\/p>\n<ol>\n<li>Zakup us\u0142ug jest mo\u017cliwy po wcze\u015bniejszym wskazaniu danych niezb\u0119dnych do realizacji Us\u0142ugi.<\/li>\n<li>Do korzystania z Us\u0142ug \u015bwiadczonych za po\u015brednictwem Serwisu wymagany jest dost\u0119p do sieci Internet oraz poprawnie skonfigurowana przegl\u0105darka internetowa:\n<ol>\n<li>Firefox minimalnie wersja 77;<\/li>\n<li>Google Chrome minimalnie wersja 80;<\/li>\n<li>lub oprogramowanie o podobnych parametrach.<\/li>\n<\/ol>\n<\/li>\n<li>Korzystanie z Serwisu mo\u017ce by\u0107 uzale\u017cnione od instalacji oprogramowania silnika Java, jak r\u00f3wnie\u017c prawid\u0142owej konfiguracji przegl\u0105darki internetowej, w szczeg\u00f3lno\u015bci obs\u0142ugi JavaScript oraz akceptacji plik\u00f3w cookies (ciasteczka). Za problemy wynikaj\u0105ce ze stosowania oprogramowania lub sprz\u0119tu nie spe\u0142niaj\u0105cego wymog\u00f3w opisanych w niniejszym ust\u0119pie, w szczeg\u00f3lno\u015bci za spowodowane tym nieprawid\u0142owe funkcjonowanie Serwisu, Us\u0142ugodawca nie ponosi odpowiedzialno\u015bci.<\/li>\n<li>Us\u0142ugodawca zastrzega, \u017ce korzystanie z Serwisu mo\u017ce wi\u0105za\u0107 si\u0119 ze standardowym ryzykiem zwi\u0105zanym z wykorzystaniem sieci Internet i rekomenduj\u0105 U\u017cytkownikom przedsi\u0119wzi\u0119cie odpowiednich krok\u00f3w w celu jego zminimalizowania.<\/li>\n<li>Us\u0142ugodawca do\u0142o\u017cy wszelkich stara\u0144, \u017ceby Serwis funkcjonowa\u0142 w spos\u00f3b ci\u0105g\u0142y, tj. by\u0142 dost\u0119pny 24 godziny na dob\u0119, 7 dni w tygodniu. Us\u0142ugodawca zastrzega, \u017ce w funkcjonowaniu Serwisu mog\u0105 wyst\u0105pi\u0107 przerwy w celu aktualizacji danych, naprawienia b\u0142\u0119d\u00f3w i awarii, dokonania innych prac konserwacyjnych. Us\u0142ugodawca poinformuje na stronie internetowej Serwisu o awariach oraz planowanych przerwach w funkcjonowaniu Serwisu.<br \/>Us\u0142ugodawca nie ponosi odpowiedzialno\u015bci za jakiekolwiek szkody wynik\u0142e z czasowej niedost\u0119pno\u015bci Serwisu.<\/li>\n<li>Korzystaj\u0105c z Serwisu U\u017cytkownik ma mo\u017cliwo\u015b\u0107:\n<ol>\n<li>zapoznania si\u0119 katalogiem Us\u0142ug \u015bwiadczonych przez Us\u0142ugodawc\u0119 za po\u015brednictwem Serwisu;<\/li>\n<li>skalkulowania ceny za wybrane Us\u0142ugi;<\/li>\n<li>dokonania wyboru Us\u0142ugi spo\u015br\u00f3d aktualnie dost\u0119pnych w Serwisie;<\/li>\n<li>dokonania zap\u0142aty ceny za Us\u0142ug\u0119 \u015bwiadczon\u0105 przez Us\u0142ugodawc\u0119, w zale\u017cno\u015bci od przyj\u0119tego modelu p\u0142atno\u015bci, o kt\u00f3rym mowa w \u201eZakup us\u0142ug i zasady p\u0142atno\u015bci\u201d niniejszego Regulaminu;<\/li>\n<\/ol>\n<\/li>\n<li>Zakazane jest wykorzystywanie Serwisu przez U\u017cytkownika w spos\u00f3b sprzeczny z prawem, dobrymi obyczajami,zasadami wsp\u00f3\u0142\u017cycia spo\u0142ecznego lub naruszaj\u0105cy uzasadnione interesy Us\u0142ugodawcy. W szczeg\u00f3lno\u015bci zakazane jest wprowadzanie lub przesy\u0142anie za po\u015brednictwem Serwisu tre\u015bci o charakterze bezprawnym, informacji zawieraj\u0105cych wirusy, konie troja\u0144skie czy inne programy komputerowe, kt\u00f3rych przeznaczeniem jest niszczenie, zak\u0142\u00f3canie pracy, przechwytywanie lub przyw\u0142aszczanie dowolnych informacji albo naruszenie prawa. Ponadto zakazane jest wykorzystywanie Serwisu w spos\u00f3b mog\u0105cy zak\u0142\u00f3ci\u0107 jego prawid\u0142owe dzia\u0142anie.<\/li>\n<li>W przypadku wykorzystywania przez U\u017cytkownika Serwisu w spos\u00f3b sprzeczny z prawem, dobrymi obyczajami lub naruszaj\u0105cy uzasadnione interesy Klubu Sportowego DROZDTeam Fundacji DROZD z siedzib\u0105 w \u0141odzi, Us\u0142ugodawca zastrzega mo\u017cliwo\u015b\u0107 odst\u0105pienia od \u015bwiadczenia Us\u0142ug.<\/li>\n<\/ol>\n<p style=\"text-align: center;\"><strong>Zakup us\u0142ug i zasady p\u0142atno\u015bci<\/strong><\/p>\n<ol>\n<li><strong>Procedura zawarcia umowy<\/strong> za po\u015brednictwem serwisu:\n<ol>\n<li>klient sk\u0142ada zam\u00f3wienie za po\u015brednictwem strony www serwisu,<\/li>\n<li>klient otrzymuje na adres e-mail wskazany w formularzu potwierdzenie z\u0142o\u017cenia zam\u00f3wienia,<\/li>\n<li>klient dokonuje p\u0142atno\u015bci za us\u0142ug\u0119,<\/li>\n<li>po zaksi\u0119gowaniu p\u0142atno\u015bci klient otrzymuje e-mail z potwierdzeniem, \u017ce mo\u017ce korzysta\u0107 z us\u0142ugi.<\/li>\n<\/ol>\n<\/li>\n<li>Informacja o\u00a0<strong>mo\u017cliwych sposobach p\u0142atno\u015bci<\/strong> za zam\u00f3wienie: karta kredytowa, karta debetowa, przelew, itp.).<\/li>\n<li><strong>Operatorem p\u0142atno\u015bci jest:<\/strong><\/li>\n<\/ol>\n<ol>\n<li>\n<ul>\n<li><strong>PayPro S.A. <\/strong>z siedzib\u0105 w Poznaniu,<br \/>Pastelowa 8, kod pocztowy: 60-198, KRS: 0000347935.<\/li>\n<\/ul>\n<\/li>\n<li>W przypadku pobierania\u00a0<strong>cyklicznych p\u0142atno\u015bci z karty<\/strong>: Wybieraj\u0105c ten spos\u00f3b p\u0142atno\u015bci, klient wyra\u017ca zgod\u0119 na cykliczne obci\u0105\u017canie jego rachunku karty.<\/li>\n<li><strong>okres na jaki zawierana jest umowa<\/strong> o \u015bwiadczenie us\u0142ug okre\u015bla informacja z ofercie, tzn. na czas oznaczony lub nieoznaczony. Je\u017celi umowa zosta\u0142a zawarta na czas nieoznaczony, to\u00a0 ka\u017cda ze stron mo\u017ce wypowiedzie\u0107 umow\u0119 z miesi\u0119cznym wypowiedzeniem ze skutkiem na koniec miesi\u0105ca nast\u0119puj\u0105cego po miesi\u0105cu w kt\u00f3rym wypowiedzenie zosta\u0142o z\u0142o\u017cone. Klient mo\u017ce wypowiedzie\u0107 umow\u0119 za po\u015brednictwem poczty e-mail, pisemnie listem poleconym wys\u0142anym na adres Us\u0142ugodawcy.<\/li>\n<li>Je\u017celi us\u0142ug\u0119 zamawia osoba fizyczna (konsument), a umowa jest z nim zawierana na czas nieoznaczony, to jednocze\u015bnie informujemy o tym, \u017ce <strong>ka\u017cdej ze stron przys\u0142uguje prawo do jej wypowiedzenia, bez podawania przyczyn<\/strong>, z zachowaniem terminu jednego miesi\u0105ca. Klient mo\u017ce wypowiedzie\u0107 umow\u0119 za po\u015brednictwem poczty e-mail, pisemnie listem poleconym wys\u0142anym na adres Us\u0142ugodawcy.<\/li>\n<li>Je\u017celi us\u0142ug\u0119 zamawia osoba fizyczna (konsument): informujemy o <strong>mo\u017cliwo\u015bci odst\u0105pienia od umowy przez klienta (konsumenta), bez podawania przyczyn, w terminie 14 dni od daty zawarcia umowy z wy\u0142\u0105czeniem przypadk\u00f3w kiedy<\/strong> prawo odst\u0105pienia od umowy nie przys\u0142uguje zgodnie z Ustaw\u0105 o prawach konsumenta z dnia 30 maja 2014 r. (Dz.U. 2014 r. poz. 827 ze zm.) \u201eKonsument, kt\u00f3ry zawar\u0142 umow\u0119 na odleg\u0142o\u015b\u0107, mo\u017ce w terminie 14 dni kalendarzowych odst\u0105pi\u0107 od niej bez podawania przyczyny i bez ponoszenia koszt\u00f3w, z wyj\u0105tkiem koszt\u00f3w wskazanych poni\u017cej\u201d- musz\u0105 by\u0107 jednak spe\u0142nione wszystkie przes\u0142anki wskazane w tych przepisach. W przypadku skutecznego skorzystania z prawa odst\u0105pienia przez konsumenta, uiszczona przez niego kwota zostanie zwr\u00f3cona za po\u015brednictwem tego samego kana\u0142u p\u0142atno\u015bci, kt\u00f3rym dokonano p\u0142atno\u015bci za us\u0142ug\u0119.<\/li>\n<li><strong>W przypadku zakupu produktu wykonywanego na indywidualne zam\u00f3wienie klienta np koszulki kolonijne, Klientowi nie przys\u0142uguje prawo odst\u0105pienia od umowy zgodnie z art. 38 pkt 3 Ustawy o prawach konsumenta, albowiem w tym przypadku przedmiotem \u015bwiadczenia jest rzecz wyprodukowana wg specyfikacji Klienta.<\/strong><\/li>\n<li><strong>Zgodnie z art. 38 pkt 12 Ustawy o prawach konsumenta,\u00a0prawo odst\u0105pienia od umowy nie przys\u0142uguje\u00a0w przypadku um\u00f3w o \u015bwiadczenie us\u0142ug zwi\u0105zanych z wypoczynkiem, je\u017celi w umowie oznaczono dzie\u0144 lub okres \u015bwiadczenia us\u0142ugi.<\/strong><\/li>\n<li>Spos\u00f3b sk\u0142adania\u00a0<strong>reklamacji<\/strong> za nienale\u017cycie wykonan\u0105 us\u0142ug\u0119 prosimy kierowa\u0107 na adres mailowy: admin@drozdteam.pl, b\u0105d\u017a listownie na adres: Klub Sportowy DROZDTeam Fundacji DROZD z siedzib\u0105 w \u0141odzi, Gojawiczy\u0144skiej 1\/32, 93-249 \u0141\u00f3d\u017a- \u00a0adres ten stanowi rol\u0119 biura obs\u0142ugi klienta- maksymalny termin na rozpatrzenie reklamacji przez sprzedawc\u0119 wynosi 14 dni.<\/li>\n<\/ol>\n<ol>\n<li>\n<ol>\n<li>W celu u\u0142atwienia i przy\u015bpieszenia rozpatrzenia reklamacji zaleca si\u0119 podanie w wiadomo\u015bci okre\u015blonej w pkt. 1 takich informacji jak adres e-mail, dat\u0119 i rodzaj wyst\u0105pienia nieprawid\u0142owo\u015bci oraz dane kontaktowe.<\/li>\n<li>Rozpatrzenie reklamacji zwi\u0105zanej ze \u015bwiadczeniem us\u0142ug drog\u0105 elektroniczn\u0105 nast\u0119puje niezw\u0142ocznie, nie p\u00f3\u017aniej ni\u017c w terminie 14 (czternastu) dni roboczych<\/li>\n<li>Odpowied\u017a w sprawie reklamacji jest wysy\u0142ana na adres e-mail Klienta lub w inny podany przez Klienta spos\u00f3b.<\/li>\n<li>Je\u017celi kupuj\u0105cym jest konsument, wszelkie spory powsta\u0142e na gruncie regulaminu lub um\u00f3w sprzeda\u017cy mog\u0105 by\u0107 rozstrzygane w drodze mediacji (wi\u0119cej informacji znajduj\u0119 si\u0119 tutaj: https:\/\/uokik.gov.pl\/wazne_adresy.php#faq595) lub przez platform\u0119 internetow\u0105 http:\/\/ec.europa.eu\/consumers\/odr<\/li>\n<\/ol>\n<\/li>\n<\/ol>\n<p style=\"text-align: center;\"><strong>Zakres przetwarzanych danych<\/strong><\/p>\n<ol>\n<li>Przetwarzamy Twoje dane osobowe w celu:\n<ul>\n<li>zawarcia umowy, realizacji i \u015bwiadczenia na Twoj\u0105 rzecz us\u0142ug zgodnie z Regulaminem, w tym wypadku podstaw\u0105 prawn\u0105 przetwarzania danych osobowych jest zawarta z Tob\u0105 umowa na \u015bwiadczenie us\u0142ug drog\u0105 elektroniczn\u0105 (art. 6 ust. 1 lit. b RODO),<\/li>\n<li>umo\u017cliwienia Ci realizacji p\u0142atno\u015bci udzia\u0142u w procesach rekrutacyjnych na szkolenia realizowane przez Administratora, w tym wypadku podstaw\u0105 prawn\u0105 przetwarzania danych osobowych jest Twoja zgoda (art. 6 ust. 1 lit. a RODO),<\/li>\n<li>dochodzenia lub obrony ewentualnych roszcze\u0144, w tym wypadku podstaw\u0105 prawn\u0105 przetwarzania danych osobowych jest prawnie uzasadniony interes realizowany przez Administratora polegaj\u0105cy na dochodzeniu lub obronie swych roszcze\u0144 (art. 6 ust. 1 lit. f RODO),<\/li>\n<li>wykonania ci\u0105\u017c\u0105cych na Administratorze obowi\u0105zk\u00f3w prawnych takich m.in. jak udzielanie odpowiedzi na reklamacje w terminie i formie przewidzianej przepisami prawa, w tym wypadku podstaw\u0105 prawn\u0105 przetwarzania danych osobowych jest obowi\u0105zek prawny ci\u0105\u017c\u0105cy na Administratorze (art. 6 ust. 1 lit. c RODO),<\/li>\n<li>tworzenia zestawie\u0144, analiz, statystyk na wewn\u0119trzne potrzeby Administratora, w tym wypadku podstaw\u0105 prawn\u0105 przetwarzania danych osobowych jest prawnie uzasadniony interes realizowany przez Administratora polegaj\u0105cy na planowaniu rozwoju us\u0142ug i prowadzonej dzia\u0142alno\u015bci gospodarczej (art. 6 ust. 1 lit. f RODO).<\/li>\n<\/ul>\n<\/li>\n<li>Podanie przez Ciebie danych osobowych jest dobrowolne, aczkolwiek niezb\u0119dne do wzi\u0119cia udzia\u0142u w procesach zakupowych Administratora oraz zawarcia umowy i \u015bwiadczenia na Twoj\u0105 rzecz us\u0142ug zgodnie z Regulaminem, a konsekwencj\u0105 niepodania danych osobowych b\u0119dzie brak mo\u017cliwo\u015bci wsp\u00f3\u0142pracy Klubem Sportowym DROZDTeam Fundacji DROZD z siedzib\u0105 w \u0141odzi\u00a0. Brak wyra\u017cenia zgody na umo\u017cliwienie Ci udzia\u0142u w procesach rekrutacji na szkolenia realizowane przez Administratora uniemo\u017cliwi Tw\u00f3j udzia\u0142 w tych procesach.<\/li>\n<li>W zakresie, w jakim Twoje dane osobowe przetwarzane s\u0105 na podstawie zgody, przys\u0142uguje Ci prawo cofni\u0119cia zgody w ka\u017cdym czasie poprzez wys\u0142anie o\u015bwiadczenia o wycofaniu zgody na adres poczty elektronicznej Administratora, z tym, \u017ce wycofanie zgody nie b\u0119dzie mia\u0142o wp\u0142ywu na zgodno\u015b\u0107 z prawem przetwarzania Twoich danych osobowych, kt\u00f3rego dokonano na podstawie zgody przed jej wycofaniem.<\/li>\n<li>Twoje dane osobowe przetwarzane b\u0119d\u0105 w zakresie:\n<ul>\n<li>zawartej umowy na \u015bwiadczenie us\u0142ug drog\u0105 elektroniczn\u0105 &#8211; przez czas trwania umowy, a po tym czasie przez okres przedawnienia ewentualnych roszcze\u0144 zwi\u0105zanych z umow\u0105,<\/li>\n<li>wyra\u017conych zg\u00f3d &#8211; do czasu cofni\u0119cia zgody, a po takim cofni\u0119ciu przez okres przedawnienia ewentualnych roszcze\u0144 przys\u0142uguj\u0105cych Administratorowi i w stosunku do Administratora,<\/li>\n<li>dochodzenia lub obrony roszcze\u0144 &#8211; przez czas dochodzenia roszcze\u0144 lub obrony praw,<\/li>\n<li>wykonania ci\u0105\u017c\u0105cych na Administratorze obowi\u0105zk\u00f3w prawnych &#8211; przez czas wykonania obowi\u0105zk\u00f3w,<\/li>\n<li>tworzenia zestawie\u0144, analiz, statystyk &#8211; przez czas trwania umowy, a po tym czasie przez okres przedawnienia ewentualnych roszcze\u0144 zwi\u0105zanych z umow\u0105.<\/li>\n<\/ul>\n<\/li>\n<li>Odbiorcami Twoich danych osobowych b\u0119d\u0105 nale\u017cycie upowa\u017cnieni pracownicy lub wsp\u00f3\u0142pracownicy Administratora, podmioty upowa\u017cnione przez Ciebie (je\u015bli dotyczy), podmioty przetwarzaj\u0105ce dane w imieniu Administratora, uczestnicz\u0105ce w wykonaniu \u015bwiadczonych us\u0142ug, a tak\u017ce podmioty \u015bwiadcz\u0105ce us\u0142ugi wsparcia technicznego na rzecz Administratora, takie jak obs\u0142uga informatyczna proces\u00f3w zakupowych, us\u0142ugi ksi\u0119gowe lub prawne oraz podmioty uprawnione przepisami prawa. Odbiorc\u0105 Twoich danych osobowych w zakresie niezb\u0119dnym do przetworzenia p\u0142atno\u015bci internetowej jest operator p\u0142atno\u015bci<\/li>\n<li>Administrator nie przetwarza szczeg\u00f3lnych kategorii danych osobowych, ani danych osobowych dotycz\u0105cych wyrok\u00f3w skazuj\u0105cych oraz narusze\u0144 prawa lub powi\u0105zanych \u015brodk\u00f3w bezpiecze\u0144stwa.<\/li>\n<li>Twoje dane osobowe nie s\u0105 przekazywane do pa\u0144stw spoza Europejskiego Obszaru Gospodarczego oraz do organizacji mi\u0119dzynarodowych.<\/li>\n<li>Twoje dane osobowe nie podlegaj\u0105 zautomatyzowanemu podejmowaniu decyzji, w tym profilowaniu.<\/li>\n<li>Przys\u0142uguje Ci prawo dost\u0119pu do danych osobowych, ich sprostowania, usuni\u0119cia lub ograniczenia przetwarzania, a tak\u017ce prawo do przenoszenia danych osobowych w zakresie danych podlegaj\u0105cych zautomatyzowanemu przetwarzaniu, oraz &#8211; w przypadku Twojej szczeg\u00f3lnej sytuacji &#8211; tak\u017ce prawo do wniesienia sprzeciwu wobec przetwarzania Twoich danych osobowych, jednak\u017ce tylko w\u00f3wczas gdy podstaw\u0105 przetwarzania danych jest prawnie uzasadniony interes realizowany przez Administratora lub przez stron\u0119 trzeci\u0105. Administrator przestanie przetwarza\u0107 Twoje dane w tych celach, chyba \u017ce b\u0119dzie w stanie wykaza\u0107, \u017ce istniej\u0105 wa\u017cne, prawnie uzasadnione podstawy, kt\u00f3re s\u0105 nadrz\u0119dne wobec Twoich interes\u00f3w, praw i wolno\u015bci lub \u017ce Twoje dane b\u0119d\u0105 niezb\u0119dne do ewentualnego ustalenia, dochodzenia lub obrony roszcze\u0144. Aby skorzysta\u0107 z powy\u017cszych praw, skontaktuj si\u0119 z Administratorem (dane kontaktowe powy\u017cej).<\/li>\n<li>Przys\u0142uguje Ci prawo wniesienia skargi do organu nadzorczego zajmuj\u0105cego si\u0119 ochron\u0105 danych osobowych, tj. Prezesa Urz\u0119du Ochrony Danych Osobowych.<\/li>\n<\/ol>\n\n\n<p><\/p>\n","protected":false},"excerpt":{"rendered":"<p>Regulamin zakupu us\u0142ug i obs\u0142ugi p\u0142atno\u015bci przez internet. Zgodnie z art. 13 ust. 1 i ust. 2 rozporz\u0105dzenia Parlamentu Europejskiego i Rady (UE) 2016\/679 z dnia 27 kwietnia 2016 r. w sprawie ochrony os\u00f3b fizycznych w zwi\u0105zku z przetwarzaniem danych osobowych i w sprawie swobodnego przep\u0142ywu takich danych oraz uchylenia dyrektywy 95\/46\/WE (og\u00f3lne rozporz\u0105dzenie o [&hellip;]<\/p>\n","protected":false},"author":1,"featured_media":0,"parent":27,"menu_order":0,"comment_status":"closed","ping_status":"closed","template":"","meta":{"om_disable_all_campaigns":false,"_monsterinsights_skip_tracking":false,"_monsterinsights_sitenote_active":false,"_monsterinsights_sitenote_note":"","_monsterinsights_sitenote_category":0,"footnotes":""},"class_list":["post-39","page","type-page","status-publish","hentry"],"aioseo_notices":[],"jetpack_sharing_enabled":true,"_links":{"self":[{"href":"https:\/\/drozdteam.pl\/index.php\/wp-json\/wp\/v2\/pages\/39","targetHints":{"allow":["GET"]}}],"collection":[{"href":"https:\/\/drozdteam.pl\/index.php\/wp-json\/wp\/v2\/pages"}],"about":[{"href":"https:\/\/drozdteam.pl\/index.php\/wp-json\/wp\/v2\/types\/page"}],"author":[{"embeddable":true,"href":"https:\/\/drozdteam.pl\/index.php\/wp-json\/wp\/v2\/users\/1"}],"replies":[{"embeddable":true,"href":"https:\/\/drozdteam.pl\/index.php\/wp-json\/wp\/v2\/comments?post=39"}],"version-history":[{"count":19,"href":"https:\/\/drozdteam.pl\/index.php\/wp-json\/wp\/v2\/pages\/39\/revisions"}],"predecessor-version":[{"id":662,"href":"https:\/\/drozdteam.pl\/index.php\/wp-json\/wp\/v2\/pages\/39\/revisions\/662"}],"up":[{"embeddable":true,"href":"https:\/\/drozdteam.pl\/index.php\/wp-json\/wp\/v2\/pages\/27"}],"wp:attachment":[{"href":"https:\/\/drozdteam.pl\/index.php\/wp-json\/wp\/v2\/media?parent=39"}],"curies":[{"name":"wp","href":"https:\/\/api.w.org\/{rel}","templated":true}]}}