{"id":285,"date":"2026-01-24T23:19:06","date_gmt":"2026-01-24T23:19:06","guid":{"rendered":"https:\/\/drozdteam.pl\/index.php\/kontakt\/"},"modified":"2026-02-02T23:17:44","modified_gmt":"2026-02-02T23:17:44","slug":"kontakt","status":"publish","type":"page","link":"https:\/\/drozdteam.pl\/index.php\/kontakt\/","title":{"rendered":"KONTAKT"},"content":{"rendered":"<p>DROZDTeam<\/p>\n<p>ul. Gojawiczy\u0144skiej\u00a0 1\/32<\/p>\n<p>93-249\u00a0\u0141\u00f3d\u017a<\/p>\n<p>Mobile:\u00a0+48 536 785 763<\/p>\n<p>Email:\u00a0<a href=\"mailto:kontakt@drozdteam.pl\">kontakt@drozdteam.pl<\/a><\/p>\n<p class=\"flex items-start gap-2 lg:gap-3\"><span class=\"flex justify-center lg:justify-start text-2xl font-semibold tracking-tight mb-1 ml-2 flex-1\">FUNDACJA DROZD<\/span><\/p>\n<p class=\"lg:col-span-7\"><span class=\"grid grid-flow-row-dense grid-cols-3 mx-2 lg:mx-5 mb-1 lg:mb-0\"><span class=\"col-span-1\">KRS\u00a0<span class=\"badge badge-outline hover:border-neutral hover:text-slate-50 hover:bg-neutral rounded-xl\">0001090057<\/span><\/span><\/span><\/p>\n<p class=\"lg:col-span-7\"><span class=\"grid grid-flow-row-dense grid-cols-3 mx-2 lg:mx-5 mb-1 lg:mb-0\"><span class=\"col-span-1\">NIP\u00a0<span class=\"badge badge-outline hover:border-neutral hover:text-slate-50 hover:bg-neutral rounded-xl\">9820390772<\/span><\/span><\/span><\/p>\n<p class=\"lg:col-span-7\"><span class=\"grid grid-flow-row-dense grid-cols-3 mx-2 lg:mx-5 mb-1 lg:mb-0\"><span class=\"col-span-1\">REGON\u00a0<span class=\"badge badge-outline hover:border-neutral hover:text-slate-50 hover:bg-neutral rounded-xl\">527875377<\/span><\/span><\/span><\/p>\n","protected":false},"excerpt":{"rendered":"<p>DROZDTeam ul. Gojawiczy\u0144skiej\u00a0 1\/32 93-249\u00a0\u0141\u00f3d\u017a Mobile:\u00a0+48 536 785 763 Email:\u00a0kontakt@drozdteam.pl FUNDACJA DROZD KRS\u00a00001090057 NIP\u00a09820390772 REGON\u00a0527875377<\/p>\n","protected":false},"author":1,"featured_media":0,"parent":0,"menu_order":0,"comment_status":"closed","ping_status":"closed","template":"","meta":{"om_disable_all_campaigns":false,"_monsterinsights_skip_tracking":false,"_monsterinsights_sitenote_active":false,"_monsterinsights_sitenote_note":"","_monsterinsights_sitenote_category":0,"footnotes":""},"class_list":["post-285","page","type-page","status-publish","hentry"],"aioseo_notices":[],"jetpack_sharing_enabled":true,"_links":{"self":[{"href":"https:\/\/drozdteam.pl\/index.php\/wp-json\/wp\/v2\/pages\/285","targetHints":{"allow":["GET"]}}],"collection":[{"href":"https:\/\/drozdteam.pl\/index.php\/wp-json\/wp\/v2\/pages"}],"about":[{"href":"https:\/\/drozdteam.pl\/index.php\/wp-json\/wp\/v2\/types\/page"}],"author":[{"embeddable":true,"href":"https:\/\/drozdteam.pl\/index.php\/wp-json\/wp\/v2\/users\/1"}],"replies":[{"embeddable":true,"href":"https:\/\/drozdteam.pl\/index.php\/wp-json\/wp\/v2\/comments?post=285"}],"version-history":[{"count":2,"href":"https:\/\/drozdteam.pl\/index.php\/wp-json\/wp\/v2\/pages\/285\/revisions"}],"predecessor-version":[{"id":526,"href":"https:\/\/drozdteam.pl\/index.php\/wp-json\/wp\/v2\/pages\/285\/revisions\/526"}],"wp:attachment":[{"href":"https:\/\/drozdteam.pl\/index.php\/wp-json\/wp\/v2\/media?parent=285"}],"curies":[{"name":"wp","href":"https:\/\/api.w.org\/{rel}","templated":true}]}}